{"id":159,"date":"2021-09-27T12:08:17","date_gmt":"2021-09-27T10:08:17","guid":{"rendered":"http:\/\/seedtemplate-tema-bs.pweb-trento.glauco.it\/?page_id=159"},"modified":"2021-10-14T17:52:16","modified_gmt":"2021-10-14T15:52:16","slug":"parrocchia-a","status":"publish","type":"page","link":"https:\/\/pweb-lugano.glauco.it\/seedtemplate-rovereto-like\/parrocchie\/parrocchia-a\/","title":{"rendered":"Parrocchia A"},"content":{"rendered":"<p>Nella nostra parrocchia si cerca di aiutare i fedeli a comprendere che il sacramento della penitenza non \u00e8 semplicemente funzionale all\u2019Eucaristia ma ha una dignit\u00e0 sua propria: \u00e8 sacramento di guarigione interiore a cui bisogna ricorrere al pi\u00f9 presto per ristabilire la grazia battesimale qualora essa fosse stata intaccata e sminuita dal peccato.<\/p>\n<p>In base a tale principio, per educare e far capire che la Penitenza \u00e8 sacramento di guarigione, celebriamo la prima confessione dei bambini ben un anno prima della Comunione e, nel limite del possibile, evitiamo di celebrare tale sacramento per gli adulti durante la celebrazione eucaristica, privilegiando tempi diversi e celebrazioni penitenziali.<\/p>\n","protected":false},"excerpt":{"rendered":"<p>Nella nostra parrocchia si cerca di aiutare i fedeli a comprendere che il sacramento della penitenza non \u00e8 semplicemente funzionale all\u2019Eucaristia ma ha una dignit\u00e0&#8230; <a class=\"p_t_read_more read-more top\" href=\"https:\/\/pweb-lugano.glauco.it\/seedtemplate-rovereto-like\/parrocchie\/parrocchia-a\/\" rel=\"nofollow\">Leggi tutto<\/a><\/p>\n","protected":false},"author":1,"featured_media":230,"parent":176,"menu_order":0,"comment_status":"closed","ping_status":"closed","template":"","meta":[],"acf":[],"yoast_head":"<!-- This site is optimized with the Yoast SEO plugin v19.0 - https:\/\/yoast.com\/wordpress\/plugins\/seo\/ -->\n<title>Parrocchia A - Denominazione<\/title>\n<meta name=\"robots\" content=\"index, follow, max-snippet:-1, max-image-preview:large, max-video-preview:-1\" \/>\n<link rel=\"canonical\" href=\"https:\/\/pweb-lugano.glauco.it\/seedtemplate-rovereto-like\/parrocchie\/parrocchia-a\/\" \/>\n<meta property=\"og:locale\" content=\"it_IT\" \/>\n<meta property=\"og:type\" content=\"article\" \/>\n<meta property=\"og:title\" content=\"Parrocchia A - Denominazione\" \/>\n<meta property=\"og:description\" content=\"Nella nostra parrocchia si cerca di aiutare i fedeli a comprendere che il sacramento della penitenza non \u00e8 semplicemente funzionale all\u2019Eucaristia ma ha una dignit\u00e0... Leggi tutto\" \/>\n<meta property=\"og:url\" content=\"https:\/\/pweb-lugano.glauco.it\/seedtemplate-rovereto-like\/parrocchie\/parrocchia-a\/\" \/>\n<meta property=\"og:site_name\" content=\"Denominazione\" \/>\n<meta property=\"article:modified_time\" content=\"2021-10-14T15:52:16+00:00\" \/>\n<meta property=\"og:image\" content=\"https:\/\/pweb-lugano.glauco.it\/seedtemplate-rovereto-like\/wp-content\/uploads\/sites\/89\/2021\/09\/aDSC_1726-800x533-1.jpg\" \/>\n\t<meta property=\"og:image:width\" content=\"800\" \/>\n\t<meta property=\"og:image:height\" content=\"533\" \/>\n\t<meta property=\"og:image:type\" content=\"image\/jpeg\" \/>\n<meta name=\"twitter:card\" content=\"summary_large_image\" \/>\n<meta name=\"twitter:label1\" content=\"Est. reading time\" \/>\n\t<meta name=\"twitter:data1\" content=\"1 minuto\" \/>\n<script type=\"application\/ld+json\" class=\"yoast-schema-graph\">{\"@context\":\"https:\/\/schema.org\",\"@graph\":[{\"@type\":\"WebSite\",\"@id\":\"https:\/\/pweb-lugano.glauco.it\/seedtemplate-rovereto-like\/#website\",\"url\":\"https:\/\/pweb-lugano.glauco.it\/seedtemplate-rovereto-like\/\",\"name\":\"Denominazione\",\"description\":\"Diocesi di Lugano\",\"potentialAction\":[{\"@type\":\"SearchAction\",\"target\":{\"@type\":\"EntryPoint\",\"urlTemplate\":\"https:\/\/pweb-lugano.glauco.it\/seedtemplate-rovereto-like\/?s={search_term_string}\"},\"query-input\":\"required name=search_term_string\"}],\"inLanguage\":\"it-IT\"},{\"@type\":\"ImageObject\",\"inLanguage\":\"it-IT\",\"@id\":\"https:\/\/pweb-lugano.glauco.it\/seedtemplate-rovereto-like\/parrocchie\/parrocchia-a\/#primaryimage\",\"url\":\"https:\/\/pweb-lugano.glauco.it\/seedtemplate-rovereto-like\/wp-content\/uploads\/sites\/89\/2021\/09\/aDSC_1726-800x533-1.jpg\",\"contentUrl\":\"https:\/\/pweb-lugano.glauco.it\/seedtemplate-rovereto-like\/wp-content\/uploads\/sites\/89\/2021\/09\/aDSC_1726-800x533-1.jpg\",\"width\":800,\"height\":533,\"caption\":\"Cresciano: rito di dedicazione altare Chiesa di San Vincenzo. Nella foto Monsignor Vescovo Valerio Lazzeri durante la liturgia eucaristica. \u00a9 Ti-Press \/ Davide Agosta\"},{\"@type\":\"WebPage\",\"@id\":\"https:\/\/pweb-lugano.glauco.it\/seedtemplate-rovereto-like\/parrocchie\/parrocchia-a\/#webpage\",\"url\":\"https:\/\/pweb-lugano.glauco.it\/seedtemplate-rovereto-like\/parrocchie\/parrocchia-a\/\",\"name\":\"Parrocchia A - Denominazione\",\"isPartOf\":{\"@id\":\"https:\/\/pweb-lugano.glauco.it\/seedtemplate-rovereto-like\/#website\"},\"primaryImageOfPage\":{\"@id\":\"https:\/\/pweb-lugano.glauco.it\/seedtemplate-rovereto-like\/parrocchie\/parrocchia-a\/#primaryimage\"},\"datePublished\":\"2021-09-27T10:08:17+00:00\",\"dateModified\":\"2021-10-14T15:52:16+00:00\",\"breadcrumb\":{\"@id\":\"https:\/\/pweb-lugano.glauco.it\/seedtemplate-rovereto-like\/parrocchie\/parrocchia-a\/#breadcrumb\"},\"inLanguage\":\"it-IT\",\"potentialAction\":[{\"@type\":\"ReadAction\",\"target\":[\"https:\/\/pweb-lugano.glauco.it\/seedtemplate-rovereto-like\/parrocchie\/parrocchia-a\/\"]}]},{\"@type\":\"BreadcrumbList\",\"@id\":\"https:\/\/pweb-lugano.glauco.it\/seedtemplate-rovereto-like\/parrocchie\/parrocchia-a\/#breadcrumb\",\"itemListElement\":[{\"@type\":\"ListItem\",\"position\":1,\"name\":\"Home\",\"item\":\"https:\/\/pweb-lugano.glauco.it\/seedtemplate-rovereto-like\/\"},{\"@type\":\"ListItem\",\"position\":2,\"name\":\"Parrocchie\",\"item\":\"https:\/\/pweb-lugano.glauco.it\/seedtemplate-rovereto-like\/parrocchie\/\"},{\"@type\":\"ListItem\",\"position\":3,\"name\":\"Parrocchia A\"}]}]}<\/script>\n<!-- \/ Yoast SEO plugin. -->","yoast_head_json":{"title":"Parrocchia A - Denominazione","robots":{"index":"index","follow":"follow","max-snippet":"max-snippet:-1","max-image-preview":"max-image-preview:large","max-video-preview":"max-video-preview:-1"},"canonical":"https:\/\/pweb-lugano.glauco.it\/seedtemplate-rovereto-like\/parrocchie\/parrocchia-a\/","og_locale":"it_IT","og_type":"article","og_title":"Parrocchia A - Denominazione","og_description":"Nella nostra parrocchia si cerca di aiutare i fedeli a comprendere che il sacramento della penitenza non \u00e8 semplicemente funzionale all\u2019Eucaristia ma ha una dignit\u00e0... Leggi tutto","og_url":"https:\/\/pweb-lugano.glauco.it\/seedtemplate-rovereto-like\/parrocchie\/parrocchia-a\/","og_site_name":"Denominazione","article_modified_time":"2021-10-14T15:52:16+00:00","og_image":[{"width":800,"height":533,"url":"https:\/\/pweb-lugano.glauco.it\/seedtemplate-rovereto-like\/wp-content\/uploads\/sites\/89\/2021\/09\/aDSC_1726-800x533-1.jpg","type":"image\/jpeg"}],"twitter_card":"summary_large_image","twitter_misc":{"Est. reading time":"1 minuto"},"schema":{"@context":"https:\/\/schema.org","@graph":[{"@type":"WebSite","@id":"https:\/\/pweb-lugano.glauco.it\/seedtemplate-rovereto-like\/#website","url":"https:\/\/pweb-lugano.glauco.it\/seedtemplate-rovereto-like\/","name":"Denominazione","description":"Diocesi di Lugano","potentialAction":[{"@type":"SearchAction","target":{"@type":"EntryPoint","urlTemplate":"https:\/\/pweb-lugano.glauco.it\/seedtemplate-rovereto-like\/?s={search_term_string}"},"query-input":"required name=search_term_string"}],"inLanguage":"it-IT"},{"@type":"ImageObject","inLanguage":"it-IT","@id":"https:\/\/pweb-lugano.glauco.it\/seedtemplate-rovereto-like\/parrocchie\/parrocchia-a\/#primaryimage","url":"https:\/\/pweb-lugano.glauco.it\/seedtemplate-rovereto-like\/wp-content\/uploads\/sites\/89\/2021\/09\/aDSC_1726-800x533-1.jpg","contentUrl":"https:\/\/pweb-lugano.glauco.it\/seedtemplate-rovereto-like\/wp-content\/uploads\/sites\/89\/2021\/09\/aDSC_1726-800x533-1.jpg","width":800,"height":533,"caption":"Cresciano: rito di dedicazione altare Chiesa di San Vincenzo. Nella foto Monsignor Vescovo Valerio Lazzeri durante la liturgia eucaristica. \u00a9 Ti-Press \/ Davide Agosta"},{"@type":"WebPage","@id":"https:\/\/pweb-lugano.glauco.it\/seedtemplate-rovereto-like\/parrocchie\/parrocchia-a\/#webpage","url":"https:\/\/pweb-lugano.glauco.it\/seedtemplate-rovereto-like\/parrocchie\/parrocchia-a\/","name":"Parrocchia A - Denominazione","isPartOf":{"@id":"https:\/\/pweb-lugano.glauco.it\/seedtemplate-rovereto-like\/#website"},"primaryImageOfPage":{"@id":"https:\/\/pweb-lugano.glauco.it\/seedtemplate-rovereto-like\/parrocchie\/parrocchia-a\/#primaryimage"},"datePublished":"2021-09-27T10:08:17+00:00","dateModified":"2021-10-14T15:52:16+00:00","breadcrumb":{"@id":"https:\/\/pweb-lugano.glauco.it\/seedtemplate-rovereto-like\/parrocchie\/parrocchia-a\/#breadcrumb"},"inLanguage":"it-IT","potentialAction":[{"@type":"ReadAction","target":["https:\/\/pweb-lugano.glauco.it\/seedtemplate-rovereto-like\/parrocchie\/parrocchia-a\/"]}]},{"@type":"BreadcrumbList","@id":"https:\/\/pweb-lugano.glauco.it\/seedtemplate-rovereto-like\/parrocchie\/parrocchia-a\/#breadcrumb","itemListElement":[{"@type":"ListItem","position":1,"name":"Home","item":"https:\/\/pweb-lugano.glauco.it\/seedtemplate-rovereto-like\/"},{"@type":"ListItem","position":2,"name":"Parrocchie","item":"https:\/\/pweb-lugano.glauco.it\/seedtemplate-rovereto-like\/parrocchie\/"},{"@type":"ListItem","position":3,"name":"Parrocchia A"}]}]}},"_links":{"self":[{"href":"https:\/\/pweb-lugano.glauco.it\/seedtemplate-rovereto-like\/wp-json\/wp\/v2\/pages\/159"}],"collection":[{"href":"https:\/\/pweb-lugano.glauco.it\/seedtemplate-rovereto-like\/wp-json\/wp\/v2\/pages"}],"about":[{"href":"https:\/\/pweb-lugano.glauco.it\/seedtemplate-rovereto-like\/wp-json\/wp\/v2\/types\/page"}],"author":[{"embeddable":true,"href":"https:\/\/pweb-lugano.glauco.it\/seedtemplate-rovereto-like\/wp-json\/wp\/v2\/users\/1"}],"replies":[{"embeddable":true,"href":"https:\/\/pweb-lugano.glauco.it\/seedtemplate-rovereto-like\/wp-json\/wp\/v2\/comments?post=159"}],"version-history":[{"count":2,"href":"https:\/\/pweb-lugano.glauco.it\/seedtemplate-rovereto-like\/wp-json\/wp\/v2\/pages\/159\/revisions"}],"predecessor-version":[{"id":187,"href":"https:\/\/pweb-lugano.glauco.it\/seedtemplate-rovereto-like\/wp-json\/wp\/v2\/pages\/159\/revisions\/187"}],"up":[{"embeddable":true,"href":"https:\/\/pweb-lugano.glauco.it\/seedtemplate-rovereto-like\/wp-json\/wp\/v2\/pages\/176"}],"wp:featuredmedia":[{"embeddable":true,"href":"https:\/\/pweb-lugano.glauco.it\/seedtemplate-rovereto-like\/wp-json\/wp\/v2\/media\/230"}],"wp:attachment":[{"href":"https:\/\/pweb-lugano.glauco.it\/seedtemplate-rovereto-like\/wp-json\/wp\/v2\/media?parent=159"}],"curies":[{"name":"wp","href":"https:\/\/api.w.org\/{rel}","templated":true}]}}

<p>Nella nostra parrocchia si cerca di aiutare i fedeli a comprendere che il sacramento della penitenza non è semplicemente funzionale all’Eucaristia ma ha una dignità sua propria: è sacramento di guarigione interiore a cui bisogna ricorrere al più presto per ristabilire la grazia battesimale qualora essa fosse stata intaccata e sminuita dal peccato.</p>
<p>In base a tale principio, per educare e far capire che la Penitenza è sacramento di guarigione, celebriamo la prima confessione dei bambini ben un anno prima della Comunione e, nel limite del possibile, evitiamo di celebrare tale sacramento per gli adulti durante la celebrazione eucaristica, privilegiando tempi diversi e celebrazioni penitenziali.</p>

<p>Nella nostra parrocchia si cerca di aiutare i fedeli a comprendere che il sacramento della penitenza non è semplicemente funzionale all’Eucaristia ma ha una dignità&#8230; <a class="p_t_read_more read-more top" href="https://pweb-lugano.glauco.it/seedtemplate-rovereto-like/parrocchie/parrocchia-a/" rel="nofollow">Leggi tutto</a></p>

<!-- This site is optimized with the Yoast SEO plugin v19.0 - https://yoast.com/wordpress/plugins/seo/ -->
<title>Parrocchia A - Denominazione</title>
<meta name="robots" content="index, follow, max-snippet:-1, max-image-preview:large, max-video-preview:-1" />
<link rel="canonical" href="https://pweb-lugano.glauco.it/seedtemplate-rovereto-like/parrocchie/parrocchia-a/" />
<meta property="og:locale" content="it_IT" />
<meta property="og:type" content="article" />
<meta property="og:title" content="Parrocchia A - Denominazione" />
<meta property="og:description" content="Nella nostra parrocchia si cerca di aiutare i fedeli a comprendere che il sacramento della penitenza non è semplicemente funzionale all’Eucaristia ma ha una dignità... Leggi tutto" />
<meta property="og:url" content="https://pweb-lugano.glauco.it/seedtemplate-rovereto-like/parrocchie/parrocchia-a/" />
<meta property="og:site_name" content="Denominazione" />
<meta property="article:modified_time" content="2021-10-14T15:52:16+00:00" />
<meta property="og:image" content="https://pweb-lugano.glauco.it/seedtemplate-rovereto-like/wp-content/uploads/sites/89/2021/09/aDSC_1726-800x533-1.jpg" />
	<meta property="og:image:width" content="800" />
	<meta property="og:image:height" content="533" />
	<meta property="og:image:type" content="image/jpeg" />
<meta name="twitter:card" content="summary_large_image" />
<meta name="twitter:label1" content="Est. reading time" />
	<meta name="twitter:data1" content="1 minuto" />
<script type="application/ld+json" class="yoast-schema-graph">{"@context":"https://schema.org","@graph":[{"@type":"WebSite","@id":"https://pweb-lugano.glauco.it/seedtemplate-rovereto-like/#website","url":"https://pweb-lugano.glauco.it/seedtemplate-rovereto-like/","name":"Denominazione","description":"Diocesi di Lugano","potentialAction":[{"@type":"SearchAction","target":{"@type":"EntryPoint","urlTemplate":"https://pweb-lugano.glauco.it/seedtemplate-rovereto-like/?s={search_term_string}"},"query-input":"required name=search_term_string"}],"inLanguage":"it-IT"},{"@type":"ImageObject","inLanguage":"it-IT","@id":"https://pweb-lugano.glauco.it/seedtemplate-rovereto-like/parrocchie/parrocchia-a/#primaryimage","url":"https://pweb-lugano.glauco.it/seedtemplate-rovereto-like/wp-content/uploads/sites/89/2021/09/aDSC_1726-800x533-1.jpg","contentUrl":"https://pweb-lugano.glauco.it/seedtemplate-rovereto-like/wp-content/uploads/sites/89/2021/09/aDSC_1726-800x533-1.jpg","width":800,"height":533,"caption":"Cresciano: rito di dedicazione altare Chiesa di San Vincenzo. Nella foto Monsignor Vescovo Valerio Lazzeri durante la liturgia eucaristica. © Ti-Press / Davide Agosta"},{"@type":"WebPage","@id":"https://pweb-lugano.glauco.it/seedtemplate-rovereto-like/parrocchie/parrocchia-a/#webpage","url":"https://pweb-lugano.glauco.it/seedtemplate-rovereto-like/parrocchie/parrocchia-a/","name":"Parrocchia A - Denominazione","isPartOf":{"@id":"https://pweb-lugano.glauco.it/seedtemplate-rovereto-like/#website"},"primaryImageOfPage":{"@id":"https://pweb-lugano.glauco.it/seedtemplate-rovereto-like/parrocchie/parrocchia-a/#primaryimage"},"datePublished":"2021-09-27T10:08:17+00:00","dateModified":"2021-10-14T15:52:16+00:00","breadcrumb":{"@id":"https://pweb-lugano.glauco.it/seedtemplate-rovereto-like/parrocchie/parrocchia-a/#breadcrumb"},"inLanguage":"it-IT","potentialAction":[{"@type":"ReadAction","target":["https://pweb-lugano.glauco.it/seedtemplate-rovereto-like/parrocchie/parrocchia-a/"]}]},{"@type":"BreadcrumbList","@id":"https://pweb-lugano.glauco.it/seedtemplate-rovereto-like/parrocchie/parrocchia-a/#breadcrumb","itemListElement":[{"@type":"ListItem","position":1,"name":"Home","item":"https://pweb-lugano.glauco.it/seedtemplate-rovereto-like/"},{"@type":"ListItem","position":2,"name":"Parrocchie","item":"https://pweb-lugano.glauco.it/seedtemplate-rovereto-like/parrocchie/"},{"@type":"ListItem","position":3,"name":"Parrocchia A"}]}]}</script>
<!-- / Yoast SEO plugin. -->

Nella nostra parrocchia si cerca di aiutare i fedeli a comprendere che il sacramento della penitenza non è semplicemente funzionale all’Eucaristia ma ha una dignità... Leggi tutto
